{"id":2949,"date":"2022-09-15T09:24:54","date_gmt":"2022-09-15T07:24:54","guid":{"rendered":"http:\/\/80.48.192.50\/?page_id=2949"},"modified":"2022-09-17T13:52:45","modified_gmt":"2022-09-17T11:52:45","slug":"konfigurator","status":"publish","type":"page","link":"http:\/\/integra.aivikando.com.pl\/?page_id=2949","title":{"rendered":"Konfigurator"},"content":{"rendered":"<section class=\"l-section wpb_row us_custom_3b52b4dd height_small width_full\"><div class=\"l-section-h i-cf\"><div class=\"g-cols vc_row via_flex valign_top type_default stacking_default\"><div class=\"vc_col-sm-12 wpb_column vc_column_container\"><div class=\"vc_column-inner\"><div class=\"wpb_wrapper\"><div class=\"w-image us_custom_c082b32b hide_on_tablets hide_on_mobiles align_center\"><div class=\"w-image-h\"><img decoding=\"async\" width=\"2200\" height=\"435\" data-src=\"http:\/\/integra.aivikando.com.pl\/wp-content\/uploads\/2022\/09\/KONFIGURATOR.png\" class=\"attachment-full size-full lazyload\" alt=\"\" src=\"data:image\/svg+xml;base64,PHN2ZyB3aWR0aD0iMSIgaGVpZ2h0PSIxIiB4bWxucz0iaHR0cDovL3d3dy53My5vcmcvMjAwMC9zdmciPjwvc3ZnPg==\" style=\"--smush-placeholder-width: 2200px; --smush-placeholder-aspect-ratio: 2200\/435;\" \/><\/div><\/div><div class=\"w-image us_custom_640bbb89 hide_on_default hide_on_laptops align_center\"><div class=\"w-image-h\"><img decoding=\"async\" width=\"1200\" height=\"496\" data-src=\"http:\/\/integra.aivikando.com.pl\/wp-content\/uploads\/2022\/09\/KONFIGURATOR_mobile.png\" class=\"attachment-full size-full lazyload\" alt=\"\" src=\"data:image\/svg+xml;base64,PHN2ZyB3aWR0aD0iMSIgaGVpZ2h0PSIxIiB4bWxucz0iaHR0cDovL3d3dy53My5vcmcvMjAwMC9zdmciPjwvc3ZnPg==\" style=\"--smush-placeholder-width: 1200px; --smush-placeholder-aspect-ratio: 1200\/496;\" \/><\/div><\/div><div class=\"w-separator hide_on_default hide_on_laptops size_custom\" style=\"height:40px\"><\/div><nav class=\"g-breadcrumbs us_custom_c50ad069 separator_icon align_none\" itemscope itemtype=\"http:\/\/schema.org\/BreadcrumbList\"><div class=\"g-breadcrumbs-item\" itemscope itemprop=\"itemListElement\" itemtype=\"http:\/\/schema.org\/ListItem\"><a itemprop=\"item\" href=\"http:\/\/integra.aivikando.com.pl\/\"><span itemprop=\"name\">Strona g\u0142\u00f3wna<\/span><\/a><meta itemprop=\"position\" content=\"1\"\/><\/div><div class=\"g-breadcrumbs-separator\"><i class=\"far fa-angle-right\"><\/i><\/div><div class=\"g-breadcrumbs-item\">Strony<\/div><\/nav><div class=\"wpb_text_column us_custom_dc6758c7\"><div class=\"wpb_wrapper\"><h2>Konfigurator<\/h2>\n<\/div><\/div><div class=\"wpb_text_column us_custom_76a6a869\"><div class=\"wpb_wrapper\"><h4>skonfiguruj us\u0142ug\u0119 dopasowan\u0105 do Twoich potrzeb<\/h4>\n<\/div><\/div><\/div><\/div><\/div><\/div><\/div><\/section><section class=\"l-section wpb_row us_custom_9a3a417b height_medium width_full\"><div class=\"l-section-h i-cf\"><div class=\"g-cols vc_row via_flex valign_top type_default stacking_default\"><div class=\"vc_col-sm-8 wpb_column vc_column_container\"><div class=\"vc_column-inner\"><div class=\"wpb_wrapper\"><div class=\"wpb_text_column\"><div class=\"wpb_wrapper\"><div class=\"forminator-ui forminator-custom-form forminator-custom-form-2948 forminator-design--flat  forminator_ajax\" data-forminator-render=\"0\" data-form=\"forminator-module-2948\" data-uid=\"69e618fe36965\"><br\/><\/div><form\r\n\t\t\t\tid=\"forminator-module-2948\"\r\n\t\t\t\tclass=\"forminator-ui forminator-custom-form forminator-custom-form-2948 forminator-design--flat  forminator_ajax\"\r\n\t\t\t\tmethod=\"post\"\r\n\t\t\t\tdata-forminator-render=\"0\"\r\n\t\t\t\tdata-form-id=\"2948\"\r\n\t\t\t\t data-color-option=\"default\" data-design=\"flat\" data-grid=\"open\" style=\"display: none;\"\r\n\t\t\t\tdata-uid=\"69e618fe36965\"\r\n\t\t\t><div role=\"alert\" aria-live=\"polite\" class=\"forminator-response-message forminator-error\" aria-hidden=\"true\"><\/div><div class=\"forminator-row\"><div id=\"radio-1\" class=\"forminator-field-radio forminator-col forminator-col-12 \"><div role=\"radiogroup\" class=\"forminator-field\" aria-labelledby=\"forminator-radiogroup-radio-1-69e618fe36965-label\"><span id=\"forminator-radiogroup-radio-1-69e618fe36965-label\" class=\"forminator-label\">Wybierz rodzaj us\u0142ugi:<\/span><label id=\"forminator-field-radio-1-label-1\" for=\"forminator-field-radio-1-1-69e618fe36965\" class=\"forminator-radio forminator-radio-inline\" title=\"Internet\"><input type=\"radio\" name=\"radio-1\" value=\"one\" id=\"forminator-field-radio-1-1-69e618fe36965\" aria-labelledby=\"forminator-field-radio-1-label-1\" data-calculation=\"0\"  \/><span class=\"forminator-radio-bullet\" aria-hidden=\"true\"><\/span><span class=\"forminator-radio-label\">Internet<\/span><\/label><label id=\"forminator-field-radio-1-label-2\" for=\"forminator-field-radio-1-2-69e618fe36965\" class=\"forminator-radio forminator-radio-inline\" title=\"Telewizja\"><input type=\"radio\" name=\"radio-1\" value=\"two\" id=\"forminator-field-radio-1-2-69e618fe36965\" aria-labelledby=\"forminator-field-radio-1-label-2\" data-calculation=\"0\"  \/><span class=\"forminator-radio-bullet\" aria-hidden=\"true\"><\/span><span class=\"forminator-radio-label\">Telewizja<\/span><\/label><label id=\"forminator-field-radio-1-label-3\" for=\"forminator-field-radio-1-3-69e618fe36965\" class=\"forminator-radio forminator-radio-inline\" title=\"Telefon\"><input type=\"radio\" name=\"radio-1\" value=\"Telefon\" id=\"forminator-field-radio-1-3-69e618fe36965\" aria-labelledby=\"forminator-field-radio-1-label-3\" data-calculation=\"0\"  \/><span class=\"forminator-radio-bullet\" aria-hidden=\"true\"><\/span><span class=\"forminator-radio-label\">Telefon<\/span><\/label><\/div><\/div><\/div><div class=\"forminator-row\"><div id=\"radio-2\" class=\"forminator-field-radio forminator-col forminator-col-12 \"><div role=\"radiogroup\" class=\"forminator-field\" aria-labelledby=\"forminator-radiogroup-radio-2-69e618fe36965-label\"><span id=\"forminator-radiogroup-radio-2-69e618fe36965-label\" class=\"forminator-label\">Wybierz interesuj\u0105cy Ci\u0119 pakiet:<\/span><label id=\"forminator-field-radio-2-label-1\" for=\"forminator-field-radio-2-1-69e618fe36965\" class=\"forminator-radio forminator-radio-inline\" title=\"\u015awiat\u0142ow\u00f3d\"><input type=\"radio\" name=\"radio-2\" value=\"\u015awiat\u0142ow\u00f3d\" id=\"forminator-field-radio-2-1-69e618fe36965\" aria-labelledby=\"forminator-field-radio-2-label-1\" data-calculation=\"0\"  \/><span class=\"forminator-radio-bullet\" aria-hidden=\"true\"><\/span><span class=\"forminator-radio-label\">\u015awiat\u0142ow\u00f3d<\/span><\/label><label id=\"forminator-field-radio-2-label-2\" for=\"forminator-field-radio-2-2-69e618fe36965\" class=\"forminator-radio forminator-radio-inline\" title=\"Internet w bloku\"><input type=\"radio\" name=\"radio-2\" value=\"one\" id=\"forminator-field-radio-2-2-69e618fe36965\" aria-labelledby=\"forminator-field-radio-2-label-2\" data-calculation=\"0\"  \/><span class=\"forminator-radio-bullet\" aria-hidden=\"true\"><\/span><span class=\"forminator-radio-label\">Internet w bloku<\/span><\/label><label id=\"forminator-field-radio-2-label-3\" for=\"forminator-field-radio-2-3-69e618fe36965\" class=\"forminator-radio forminator-radio-inline\" title=\"Internet radiowy\"><input type=\"radio\" name=\"radio-2\" value=\"Telefon\" id=\"forminator-field-radio-2-3-69e618fe36965\" aria-labelledby=\"forminator-field-radio-2-label-3\" data-calculation=\"0\"  \/><span class=\"forminator-radio-bullet\" aria-hidden=\"true\"><\/span><span class=\"forminator-radio-label\">Internet radiowy<\/span><\/label><label id=\"forminator-field-radio-2-label-4\" for=\"forminator-field-radio-2-4-69e618fe36965\" class=\"forminator-radio forminator-radio-inline\" title=\"Internet mobilny\"><input type=\"radio\" name=\"radio-2\" value=\"two\" id=\"forminator-field-radio-2-4-69e618fe36965\" aria-labelledby=\"forminator-field-radio-2-label-4\" data-calculation=\"0\"  \/><span class=\"forminator-radio-bullet\" aria-hidden=\"true\"><\/span><span class=\"forminator-radio-label\">Internet mobilny<\/span><\/label><\/div><\/div><\/div><div class=\"forminator-row\"><div id=\"radio-3\" class=\"forminator-field-radio forminator-col forminator-col-12 \"><div role=\"radiogroup\" class=\"forminator-field\" aria-labelledby=\"forminator-radiogroup-radio-3-69e618fe36965-label\"><span id=\"forminator-radiogroup-radio-3-69e618fe36965-label\" class=\"forminator-label\">Wybierz interesuj\u0105cy Ci\u0119 pakiet:<\/span><label id=\"forminator-field-radio-3-label-1\" for=\"forminator-field-radio-3-1-69e618fe36965\" class=\"forminator-radio forminator-radio-inline\" title=\"Telewizja bez granic\"><input type=\"radio\" name=\"radio-3\" value=\"one\" id=\"forminator-field-radio-3-1-69e618fe36965\" aria-labelledby=\"forminator-field-radio-3-label-1\" data-calculation=\"0\"  \/><span class=\"forminator-radio-bullet\" aria-hidden=\"true\"><\/span><span class=\"forminator-radio-label\">Telewizja bez granic<\/span><\/label><label id=\"forminator-field-radio-3-label-2\" for=\"forminator-field-radio-3-2-69e618fe36965\" class=\"forminator-radio forminator-radio-inline\" title=\"Telewizja cyfrowa IPTV\"><input type=\"radio\" name=\"radio-3\" value=\"two\" id=\"forminator-field-radio-3-2-69e618fe36965\" aria-labelledby=\"forminator-field-radio-3-label-2\" data-calculation=\"0\"  \/><span class=\"forminator-radio-bullet\" aria-hidden=\"true\"><\/span><span class=\"forminator-radio-label\">Telewizja cyfrowa IPTV<\/span><\/label><label id=\"forminator-field-radio-3-label-3\" for=\"forminator-field-radio-3-3-69e618fe36965\" class=\"forminator-radio forminator-radio-inline\" title=\"Telewizja TVK\"><input type=\"radio\" name=\"radio-3\" value=\"Telefon\" id=\"forminator-field-radio-3-3-69e618fe36965\" aria-labelledby=\"forminator-field-radio-3-label-3\" data-calculation=\"0\"  \/><span class=\"forminator-radio-bullet\" aria-hidden=\"true\"><\/span><span class=\"forminator-radio-label\">Telewizja TVK<\/span><\/label><\/div><\/div><\/div><div class=\"forminator-row\"><div id=\"radio-4\" class=\"forminator-field-radio forminator-col forminator-col-12 \"><div role=\"radiogroup\" class=\"forminator-field\" aria-labelledby=\"forminator-radiogroup-radio-4-69e618fe36965-label\"><span id=\"forminator-radiogroup-radio-4-69e618fe36965-label\" class=\"forminator-label\">Wybierz interesuj\u0105cy Ci\u0119 pakiet:<\/span><label id=\"forminator-field-radio-4-label-1\" for=\"forminator-field-radio-4-1-69e618fe36965\" class=\"forminator-radio forminator-radio-inline\" title=\"Telefon stacjonarny\"><input type=\"radio\" name=\"radio-4\" value=\"one\" id=\"forminator-field-radio-4-1-69e618fe36965\" aria-labelledby=\"forminator-field-radio-4-label-1\" data-calculation=\"0\"  \/><span class=\"forminator-radio-bullet\" aria-hidden=\"true\"><\/span><span class=\"forminator-radio-label\">Telefon stacjonarny<\/span><\/label><label id=\"forminator-field-radio-4-label-2\" for=\"forminator-field-radio-4-2-69e618fe36965\" class=\"forminator-radio forminator-radio-inline\" title=\"Telefon mobilny\"><input type=\"radio\" name=\"radio-4\" value=\"two\" id=\"forminator-field-radio-4-2-69e618fe36965\" aria-labelledby=\"forminator-field-radio-4-label-2\" data-calculation=\"0\"  \/><span class=\"forminator-radio-bullet\" aria-hidden=\"true\"><\/span><span class=\"forminator-radio-label\">Telefon mobilny<\/span><\/label><\/div><\/div><\/div><div class=\"forminator-row\"><div id=\"html-1\" class=\"forminator-field-html forminator-col forminator-col-12 \"><div class=\"forminator-field forminator-merge-tags\" data-field=\"html-1\"><label class=\"forminator-label\">Miejsce instalacji<\/label><\/div><\/div><\/div><div class=\"forminator-row\"><div id=\"text-1\" class=\"forminator-field-text forminator-col forminator-col-4 \"><div class=\"forminator-field\"><input type=\"text\" name=\"text-1\" value=\"\" placeholder=\"Miejscowo\u015b\u0107\" id=\"forminator-field-text-1_69e618fe36965\" class=\"forminator-input forminator-name--field\" data-required=\"\" \/><\/div><\/div><div id=\"text-2\" class=\"forminator-field-text forminator-col forminator-col-4 \"><div class=\"forminator-field\"><input type=\"text\" name=\"text-2\" value=\"\" placeholder=\"Ulica\" id=\"forminator-field-text-2_69e618fe36965\" class=\"forminator-input forminator-name--field\" data-required=\"\" \/><\/div><\/div><div id=\"text-3\" class=\"forminator-field-text forminator-col forminator-col-4 \"><div class=\"forminator-field\"><input type=\"text\" name=\"text-3\" value=\"\" placeholder=\"Numer domu \/ lokalu\" id=\"forminator-field-text-3_69e618fe36965\" class=\"forminator-input forminator-name--field\" data-required=\"\" \/><\/div><\/div><\/div><div class=\"forminator-row\"><div id=\"html-2\" class=\"forminator-field-html forminator-col forminator-col-12 \"><div class=\"forminator-field forminator-merge-tags\" data-field=\"html-2\"><label class=\"forminator-label\">Dane kontaktowe:<\/label><\/div><\/div><\/div><div class=\"forminator-row\"><div id=\"text-4\" class=\"forminator-field-text forminator-col forminator-col-4 \"><div class=\"forminator-field\"><input type=\"text\" name=\"text-4\" value=\"\" placeholder=\"Imi\u0119 i nazwisko\" id=\"forminator-field-text-4_69e618fe36965\" class=\"forminator-input forminator-name--field\" data-required=\"1\" \/><\/div><\/div><div id=\"phone-1\" class=\"forminator-field-phone forminator-col forminator-col-4 \"><div class=\"forminator-field\"><input type=\"text\" name=\"phone-1\" value=\"\" placeholder=\"Numer telefonu\" id=\"forminator-field-phone-1_69e618fe36965\" class=\"forminator-input forminator-field--phone\" data-required=\"\" aria-required=\"false\" autocomplete=\"off\" data-validation=\"1\" \/><\/div><\/div><div id=\"email-1\" class=\"forminator-field-email forminator-col forminator-col-4 \"><div class=\"forminator-field\"><input type=\"email\" name=\"email-1\" value=\"\" placeholder=\"Adres email\" id=\"forminator-field-email-1_69e618fe36965\" class=\"forminator-input forminator-email--field\" data-required=\"true\" aria-required=\"true\" autocomplete=\"email\" \/><\/div><\/div><\/div><div class=\"forminator-row\"><div id=\"consent-1\" class=\"forminator-field-consent forminator-col forminator-col-12 \"><div class=\"forminator-field\"><label for=\"forminator-field-consent-1_69e618fe36965\" id=\"forminator-field-consent-1_69e618fe36965-label\" class=\"forminator-label\">Wyra\u017cam zgod\u0119 <span class=\"forminator-required\">*<\/span><\/label><div class=\"forminator-checkbox__wrapper\"><label id=\"forminator-field-consent-1_69e618fe36965__label\" class=\"forminator-checkbox forminator-consent\" aria-labelledby=\"forminator-field-consent-1_69e618fe36965-label\" aria-hidden=\"true\"><input type=\"checkbox\" name=\"consent-1\" id=\"forminator-field-consent-1_69e618fe36965\" value=\"checked\" aria-labelledby=\"forminator-field-consent-1_69e618fe36965-label\" aria-describedby=\"forminator-field-consent-1_69e618fe36965__description\" data-required=\"true\" aria-required=\"true\" \/><span class=\"forminator-checkbox-box\" aria-hidden=\"true\"><\/span><\/label><div id=\"forminator-field-consent-1_69e618fe36965__description\" class=\"forminator-checkbox__label forminator-consent__label\"><p><span style=\"font-size: 12px;line-height: 12px\">Administratorem podanych przez Ciebie danych osobowych jest Integra Pawe\u0142 Mr\u00f3z, z siedzib\u0105 Tarn\u00f3w, ulica Graniczna 8A, REGON: 851642159; NIP: 8731375948. Podanie danych jest dobrowolne. Odmowa podania danych skutkuje brakiem mo\u017cliwo\u015bci udzielenia odpowiedzi na zadane w formularzu pytanie. Szczeg\u00f3\u0142owe informacje dotycz\u0105ce przetwarzania i ochrony danych osobowych znajduj\u0105 si\u0119 Polityce Prywatno\u015bci.<\/span><\/p><\/div><\/div><\/div><\/div><\/div><input type=\"hidden\" name=\"referer_url\" value=\"\" \/><div class=\"forminator-row forminator-row-last\"><div class=\"forminator-col\"><div class=\"forminator-field\"><button class=\"forminator-button forminator-button-submit\">WY\u015aLIJ<\/button><\/div><\/div><\/div><input type=\"hidden\" id=\"forminator_nonce\" name=\"forminator_nonce\" value=\"fdb892c73e\" \/><input type=\"hidden\" name=\"_wp_http_referer\" value=\"\/index.php?rest_route=%2Fwp%2Fv2%2Fpages%2F2949\" \/><input type=\"hidden\" name=\"form_id\" value=\"2948\"><input type=\"hidden\" name=\"page_id\" value=\"2949\"><input type=\"hidden\" name=\"form_type\" value=\"default\"><input type=\"hidden\" name=\"current_url\" value=\"http:\/\/integra.aivikando.com.pl\/?page_id=2949\"><input type=\"hidden\" name=\"render_id\" value=\"0\"><input type=\"hidden\" name=\"action\" value=\"forminator_submit_form_custom-forms\"><\/form>\n<\/div><\/div><div class=\"w-separator size_medium\"><\/div><\/div><\/div><\/div><div class=\"vc_col-sm-4 wpb_column vc_column_container\"><div class=\"vc_column-inner us_custom_6768749b\"><div class=\"wpb_wrapper\"><div class=\"g-cols wpb_row us_custom_fffc3c1a via_flex valign_top type_default stacking_default\"><div class=\"vc_col-sm-12 wpb_column vc_column_container\"><div class=\"vc_column-inner\"><div class=\"wpb_wrapper\"><div class=\"w-separator size_medium\"><\/div><div class=\"wpb_text_column us_custom_1e0e9307\"><div class=\"wpb_wrapper\"><p style=\"text-align: left;\"><strong>Zapraszamy do kontaktu:<\/strong><\/p>\n<\/div><\/div><div class=\"w-separator size_small\"><\/div><div class=\"w-iconbox us_custom_f73f4019 iconpos_left style_default color_primary align_left no_title\"><div class=\"w-iconbox-icon\" style=\"font-size:1.2rem;\"><i class=\"far fa-phone-alt\"><\/i><\/div><div class=\"w-iconbox-meta\"><div class=\"w-iconbox-text\"><p style=\"text-align: left;\"><a href=\"tel:+4814 624 38 07\">(14) 624 38 07<\/a><\/p>\n<\/div><\/div><\/div><div class=\"w-separator size_custom\" style=\"height:10px\"><\/div><div class=\"w-iconbox us_custom_f73f4019 iconpos_left style_default color_primary align_left no_title\"><div class=\"w-iconbox-icon\" style=\"font-size:1.2rem;\"><i class=\"far fa-envelope\"><\/i><\/div><div class=\"w-iconbox-meta\"><div class=\"w-iconbox-text\"><p style=\"text-align: center;\"><a href=\"mailto:integra@tarnow.net.pl\">integra@tarnow.net.pl<\/a><\/p>\n<\/div><\/div><\/div><div class=\"w-separator size_small\"><\/div><div class=\"wpb_text_column\"><div class=\"wpb_wrapper\"><p><strong>Integra<\/strong><br \/>\nul. Graniczna 8A, 33-100 Tarn\u00f3w<\/p>\n<\/div><\/div><div class=\"w-separator size_medium\"><\/div><\/div><\/div><\/div><\/div><\/div><\/div><\/div><\/div><\/div><\/section>\n","protected":false},"excerpt":{"rendered":"Strona g\u0142\u00f3wnaStronyKonfigurator skonfiguruj us\u0142ug\u0119 dopasowan\u0105 do Twoich potrzeb Wybierz rodzaj us\u0142ugi:InternetTelewizjaTelefonWybierz interesuj\u0105cy Ci\u0119 pakiet:\u015awiat\u0142ow\u00f3dInternet w blokuInternet radiowyInternet mobilnyWybierz interesuj\u0105cy Ci\u0119 pakiet:Telewizja bez granicTelewizja cyfrowa IPTVTelewizja TVKWybierz interesuj\u0105cy Ci\u0119 pakiet:Telefon stacjonarnyTelefon mobilnyMiejsce instalacjiDane kontaktowe:Wyra\u017cam zgod\u0119 *Administratorem podanych przez Ciebie danych osobowych jest Integra Pawe\u0142 Mr\u00f3z, z siedzib\u0105 Tarn\u00f3w, ulica Graniczna 8A, REGON: 851642159; NIP: 8731375948. Podanie...","protected":false},"author":1,"featured_media":0,"parent":0,"menu_order":0,"comment_status":"closed","ping_status":"closed","template":"","meta":{"footnotes":""},"class_list":["post-2949","page","type-page","status-publish","hentry"],"_links":{"self":[{"href":"http:\/\/integra.aivikando.com.pl\/index.php?rest_route=\/wp\/v2\/pages\/2949","targetHints":{"allow":["GET"]}}],"collection":[{"href":"http:\/\/integra.aivikando.com.pl\/index.php?rest_route=\/wp\/v2\/pages"}],"about":[{"href":"http:\/\/integra.aivikando.com.pl\/index.php?rest_route=\/wp\/v2\/types\/page"}],"author":[{"embeddable":true,"href":"http:\/\/integra.aivikando.com.pl\/index.php?rest_route=\/wp\/v2\/users\/1"}],"replies":[{"embeddable":true,"href":"http:\/\/integra.aivikando.com.pl\/index.php?rest_route=%2Fwp%2Fv2%2Fcomments&post=2949"}],"version-history":[{"count":26,"href":"http:\/\/integra.aivikando.com.pl\/index.php?rest_route=\/wp\/v2\/pages\/2949\/revisions"}],"predecessor-version":[{"id":3267,"href":"http:\/\/integra.aivikando.com.pl\/index.php?rest_route=\/wp\/v2\/pages\/2949\/revisions\/3267"}],"wp:attachment":[{"href":"http:\/\/integra.aivikando.com.pl\/index.php?rest_route=%2Fwp%2Fv2%2Fmedia&parent=2949"}],"curies":[{"name":"wp","href":"https:\/\/api.w.org\/{rel}","templated":true}]}}